56
What is the remainder when 1592 is divided by 64?
56
Calculate the remainder when 84 is divided by 56.
28
Calculate the remainder when 88 is divided by 25.
13
Calculate the remainder when 603 is divided by 141.
39
Calculate the remainder when 371 is divided by 89.
15
Calculate the remainder when 189 is divided by 67.
55
What is the remainder when 3698 is divided by 80?
18
What is the remainder when 599 is divided by 20?
19
Calculate the remainder when 49 is divided by 44.
5
What is the remainder when 4377 is divided by 32?
25
Calculate the remainder when 625 is divided by 125.
0
Calculate the remainder when 217 is divided by 9.
1
Calculate the remainder when 6533 is divided by 99.
98
Calculate the remainder when 2677 is divided by 47.
45
What is the remainder when 243 is divided by 113?
17
Calculate the remainder when 380 is divided by 26.
16
Calculate the remainder when 1047 is divided by 15.
12
What is the remainder when 678 is divided by 68?
66
Calculate the remainder when 116 is divided by 23.
1
Calculate the remainder when 596 is divided by 23.
21
Calculate the remainder when 32879 is divided by 82.
79
What is the remainder when 31 is divided by 17?
14
Calculate the remainder when 2468 is divided by 146.
132
Calculate the remainder when 443 is divided by 89.
87
Calculate the remainder when 38 is divided by 19.
0
What is the remainder when 14241 is divided by 12?
9
What is the remainder when 244 is divided by 113?
18
Calculate the remainder when 13153 is divided by 143.
140
What is the remainder when 34 is divided by 4?
2
What is the remainder when 1021 is divided by 64?
61
What is the remainder when 1858 is divided by 30?
28
Calculate the remainder when 359 is divided by 50.
9
What is the remainder when 728 is divided by 213?
89
Calculate the remainder when 121 is divided by 44.
33
What is the remainder when 310 is divided by 127?
56
What is the remainder when 241 is divided by 75?
16
Calculate the remainder when 3471 is divided by 247.
13
What is the remainder when 194 is divided by 14?
12
What is the remainder when 8487 is divided by 31?
24
Calculate the remainder when 81 is divided by 25.
6
What is the remainder when 802 is divided by 35?
32
Calculate the remainder when 1096 is divided by 85.
76
Calculate the remainder when 2259 is divided by 46.
5
Calculate the remainder when 73 is divided by 19.
16
What is the remainder when 66 is divided by 5?
1
What is the remainder when 28188 is divided by 10?
8
Calculate the remainder when 253 is divided by 72.
37
What is the remainder when 240 is divided by 46?
10
Calculate the remainder when 504 is divided by 130.
114
What is the remainder when 341 is divided by 38?
37
Calculate the remainder when 395 is divided by 370.
25
Calculate the remainder when 136 is divided by 38.
22
What is the remainder when 111 is divided by 50?
11
Calculate the remainder when 674 is divided by 47.
16
Calculate the remainder when 1468 is divided by 40.
28
Calculate the remainder when 7665 is divided by 118.
113
Calculate the remainder when 1522 is divided by 468.
118
What is the remainder when 46 is divided by 37?
9
What is the remainder when 155 is divided by 21?
8
What is the remainder when 2783 is divided by 28?
11
Calculate the remainder when 735 is divided by 46.
45
What is the remainder when 400 is divided by 240?
160
Calculate the remainder when 25016 is divided by 93.
92
What is the remainder when 1286 is divided by 30?
26
What is the remainder when 1104 is divided by 85?
84
What is the remainder when 375 is divided by 118?
21
What is the remainder when 113 is divided by 48?
17
What is the remainder when 713 is divided by 116?
17
Calculate the remainder when 87 is divided by 17.
2
What is the remainder when 3011 is divided by 66?
41
What is the remainder when 135 is divided by 15?
0
What is the remainder when 402 is divided by 18?
6
Calculate the remainder when 5718 is divided by 27.
21
What is the remainder when 23 is divided by 8?
7
What is the remainder when 294 is divided by 27?
24
Calculate the remainder when 35 is divided by 12.
11
What is the remainder when 998 is divided by 479?
40
Calculate the remainder when 467 is divided by 87.
32
What is the remainder when 684 is divided by 7?
5
Calculate the remainder when 262 is divided by 73.
43
Calculate the remainder when 215 is divided by 13.
7
Calculate the remainder when 826 is divided by 74.
12
Calculate the remainder when 114 is divided by 12.
6
Calculate the remainder when 730 is divided by 43.
42
Calculate the remainder when 2007 is divided by 251.
250
Calculate the remainder when 96 is divided by 20.
16
What is the remainder when 506 is divided by 137?
95
What is the remainder when 65249 is divided by 290?
289
What is the remainder when 279 is divided by 162?
117
What is the remainder when 799 is divided by 6?
1
What is the remainder when 387 is divided by 349?
38
Calculate the remainder when 93 is divided by 24.
21
What is the remainder when 14836 is divided by 11?
8
Calculate the remainder when 4479 is divided by 160.
159
Calculate the remainder when 62 is divided by 8.
6
Calculate the remainder when 2317 is divided by 75.
67
Calculate the remainder when 12640 is divided by 14.
12
What is the remainder when 744 is divided by 132?
84
Calculate the remainder when 151 is divided by 50.
1
What is the remainder when 633 is divided by 108?
93
Calculate the remainder when 499 is divided by 56.
51
Calculate the remainder when 1776 is divided by 137.
132
What is the remainder when 690 is divided by 59?
41
Calculate the remainder when 1181 is divided by 393.
2
Calculate the remainder when 86 is divided by 15.
11
Calculate the remainder when 57 is divided by 8.
1
What is the remainder when 615 is divided by 143?
43
What is the remainder when 1274 is divided by 22?
20
Calculate the remainder when 76 is divided by 26.
24
What is the remainder when 3237 is divided by 30?
27
Calculate the remainder when 473 is divided by 17.
14
Calculate the remainder when 189 is divided by 66.
57
What is the remainder when 519 is divided by 238?
43
What is the remainder when 82 is divided by 43?
39
Calculate the remainder when 11503 is divided by 114.
103
Calculate the remainder when 287 is divided by 75.
62
Calculate the remainder when 144 is divided by 36.
0
What is the remainder when 30 is divided by 11?
8
Calculate the remainder when 208 is divided by 56.
40
Calculate the remainder when 520 is divided by 18.
16
Calculate the remainder when 1125 is divided by 12.
9
What is the remainder when 176 is divided by 57?
5
What is the remainder when 761 is divided by 189?
5
What is the remainder when 538 is divided by 110?
98
Calculate the remainder when 2504 is divided by 514.
448
What is the remainder when 281 is divided by 46?
5
Calculate the remainder when 909 is divided by 226.
5
Calculate the remainder when 144 is divided by 17.
8
Calculate the remainder when 582 is divided by 119.
106
Calculate the remainder when 570 is divided by 119.
94
What is the remainder when 170 is divided by 40?
10
What is the remainder when 99 is divided by 10?
9
Calculate the remainder when 2565 is divided by 136.
117
What is the remainder when 259 is divided by 32?
3
What is the remainder when 1456 is divided by 6?
4
Calculate the remainder when 1160 is divided by 83.
81
What is the remainder when 334 is divided by 171?
163
What is the remainder when 83 is divided by 25?
8
What is the remainder when 20439 is divided by 14?
13
What is the remainder when 3774 is divided by 418?
12
What is the remainder when 20828 is divided by 8?
4
What is the remainder when 2882 is divided by 37?
33
What is the remainder when 1468 is divided by 420?
208
What is the remainder when 36 is divided by 23?
13
What is the remainder when 286 is divided by 25?
11
Calculate the remainder when 363 is divided by 51.
6
Calculate the remainder when 2689 is divided by 117.
115
What is the remainder when 94 is divided by 8?
6
Calculate the remainder when 3900 is divided by 45.
30
What is the remainder when 214 is divided by 43?
42
Calculate the remainder when 1009 is divided by 45.
19
Calculate the remainder when 26 is divided by 22.
4
Calculate the remainder when 801 is divided by 169.
125
What is the remainder when 191 is